79 a composite number?
False
Is 832003 a composite number?
False
Is 20323 prime?
True
Is 37391 composite?
True
Is 15569 composite?
False
Is 491 a composite number?
False
Is 409537 composite?
True
Is 250579 a composite number?
True
Is 2217 composite?
True
Is 78643 a composite number?
False
Is 180043 a composite number?
False
Is 1454135 a prime number?
False
Is 4759 composite?
False
Is 3163 a prime number?
True
Is 405811 a prime number?
False
Is 1262 a composite number?
True
Is 221339 composite?
True
Is 48973 a composite number?
False
Is 10963 a prime number?
False
Is 12417 a prime number?
False
Is 286183 composite?
True
Is 158285 a composite number?
True
Is 2789 prime?
True
Is 7217 a prime number?
False
Is 18517 a composite number?
False
Is 386689 composite?
False
Is 630277 a prime number?
False
Is 313493 a composite number?
True
Is 14695 a prime number?
False
Is 1963759 a composite number?
True
Is 108863 a prime number?
True
Is 2776333 composite?
True
Is 2483 a composite number?
True
Is 70289 a prime number?
True
Is 3821 composite?
False
Is 6311 a composite number?
False
Is 170123 composite?
False
Is 1966 a prime number?
False
Is 30133 a composite number?
False
Is 2358923 prime?
False
Is 228829 prime?
True
Is 416147 a prime number?
True
Is 24869 prime?
False
Is 66287 a prime number?
False
Is 291053 composite?
True
Is 13121 prime?
True
Is 6911 a composite number?
False
Is 33499 composite?
True
Is 30161 a composite number?
False
Is 24627 a composite number?
True
Is 37551 prime?
False
Is 168083 a composite number?
False
Is 437677 composite?
False
Is 252737 prime?
True
Is 42593 prime?
False
Is 12703 a prime number?
True
Is 2353493 a composite number?
True
Is 515 a prime number?
False
Is 13309 composite?
False
Is 206311 a composite number?
True
Is 208877 a prime number?
True
Is 764929 composite?
True
Is 21677 composite?
True
Is 152489 prime?
False
Is 7499 composite?
False
Is 6169 composite?
True
Is 25514 composite?
True
Is 19651 prime?
False
Is 1520069 a composite number?
False
Is 1033147 a composite number?
True
Is 1727 prime?
False
Is 24547 a prime number?
True
Is 4699 composite?
True
Is 133 prime?
False
Is 12531 a composite number?
True
Is 2157 prime?
False
Is 105671 a prime number?
False
Is 151591 a composite number?
True
Is 410899 composite?
False
Is 7669 a prime number?
True
Is 117563 a prime number?
True
Is 2932469 composite?
True
Is 27527 composite?
False
Is 637247 a prime number?
False
Is 224195 prime?
False
Is 1012369 composite?
False
Is 39637 a composite number?
True
Is 5834 a composite number?
True
Is 1074559 a prime number?
True
Is 470443 prime?
True
Is 4692427 composite?
False
Is 705613 prime?
True
Is 246899 composite?
False
Is 6031 prime?
False
Is 48751 a prime number?
True
Is 21701 a prime number?
True
Is 1662571 a composite number?
False
Is 34403 a composite number?
False
Is 16463 a composite number?
True
Is 149 prime?
True
Is 14143 a prime number?
True
Is 8161 a prime number?
True
Is 5131 prime?
False
Is 2657 a prime number?
True
Is 1007647 composite?
False
Is 77093 prime?
True
Is 168319 a prime number?
False
Is 514379 prime?
True
Is 41129 composite?
True
Is 8002 a composite number?
True
Is 364103 a prime number?
True
Is 96665 composite?
True
Is 14099 a prime number?
False
Is 18827 composite?
True
Is 39341 a prime number?
True
Is 3905215 prime?
False
Is 717553 a composite number?
True
Is 347791 a prime number?
False
Is 386873 a prime number?
False
Is 21635 prime?
False
Is 724147 a prime number?
False
Is 3883117 prime?
False
Is 128471 prime?
False
Is 97213 prime?
True
Is 6999 a composite number?
True
Is 7463 composite?
True
Is 5899 a prime number?
False
Is 295693 composite?
False
Is 105227 a prime number?
True
Is 7249 composite?
True
Is 17291 a prime number?
True
Is 17291 composite?
False
Is 619763 a prime number?
True
Is 36587 a prime number?
True
Is 148679 composite?
True
Is 173429 prime?
True
Is 13379 a prime number?
False
Is 555931 composite?
False
Is 598363 prime?
True
Is 42739 a composite number?
True
Is 134 a prime number?
False
Is 1535 a prime number?
False
Is 184677 composite?
True
Is 9505 composite?
True
Is 5087 a composite number?
False
Is 2099 composite?
False
Is 36893 a prime number?
False
Is 5557 composite?
False
Is 693901 prime?
False
Is 1354 composite?
True
Is 42739 prime?
False
Is 90262 composite?
True
Is 2484751 composite?
False
Is 72851 a prime number?
False
Is 13561 a composite number?
True
Is 373 prime?
True
Is 5701 a composite number?
False
Is 2237 a prime number?
True
Is 887 prime?
True
Is 408169 composite?
False
Is 109147 composite?
False
Is 199 a prime number?
True
Is 419999 composite?
False
Is 7829 composite?
False
Is 11299 a prime number?
True
Is 443 a composite number?
False
Is 90697 a composite number?
False
Is 79579 a composite number?
False
Is 136083 prime?
False
Is 34123 a composite number?
False
Is 227455 a prime number?
False
Is 17851 a composite number?
False
Is 204427 composite?
False
Is 82807 a prime number?
False
Is 181561 composite?
True
Is 544823 prime?
False
Is 4327 prime?
True
Is 613007 a prime number?
True
Is 3377 composite?
True
Is 9619 a composite number?
False
Is 123787 prime?
True
Is 7063 composite?
True
Is 10391 prime?
True
Is 261917 prime?
True
Is 27217 composite?
True
Is 1651 prime?
False
Is 399221 a prime number?
True
Is 5017 a prime number?
False
Is 11345 a composite number?
True
Is 432767 composite?
True
Is 22169 a composite number?
True
Is 8707 composite?
False
Is 142 a composite number?
True
Is 20789 prime?
True
Is 47339 a prime number?
True
Is 3369 a prime number?
False
Is 3867 composite?
True
Is 278543 a composite number?
False
Is 79177 a composite number?
True
Is 1630399 a composite number?
False
Is 39499 a composite number?
False
Is 2243309 composite?
False
Is 530509 prime?
False
Is 91843 composite?
True
Is 27947 a composite number?
False
Is 32831 composite?
False
Is 118843 a prime number?
True
Is 118493 a composite number?
False
Is 6046 a composite number?
True
Is 463 composite?
False
Is 61615 a composite number?
True
Is 3251 a composite number?
False
Is 29383 a prime number?
True
Is 18299 a prime number?
False
Is 1923 composite?
True
Is 60179 composite?
True
Is 38431 prime?
True
Is 120509 prime?
False
Is 104303 composite?
True
Is 251795 a composite number?
True
Is 25501 prime?
False
Is 633 a composite number?
True
Is 51253 a prime number?
False
Is 1327465 prime?
False
Is 525127 composite?
False
Is 1009 prime?
True
Is 58385 prime?
False
Is 35797 a prime number?
True
Is 21713 a composite number?
False
Is 27785 a prime number?
False
Is 149393 prime?
True
Is 3867 prime?
False
Is 257 prime?
True
Is 103297 prime?
False
Is 1108617 prime?
False
Is 88427 a composite number?
False
Is 27613 a prime number?
False
Is 30971 a prime number?
True
Is 5501 prime?
True
Is 40301 prime?
False
Is 21451 composite?
True
Is 4994501 composite?
False
Is 1009 a composite number?
False
Is 5387 a composite number?
False
Is 89185 a composite number?
True
Is 13493 prime?
False
Is 1522933 a prime number?
True
Is 1487833 a composite number?
True
Is 67 a composite number?
False
Is 42881 a prime number?
False
Is 55201 a composite number?
False
Is 13523 composite?
False
Is 13883 a composite number?
False
Is 511486 a prime number?
False
Is 3791 prime?
False
Is 386 a prime number?
False
Is 51109 composite?
False
Is 9201 prime?
False
Is 120671 a prime number?
True
Is 48851 prime?
False
Is 141826 a composite number?
True
Is 199081 composite?
False
Is 59921 prime?
True
Is 28759 a prime number?
True
Is 73277 a composite number?
False
Is 10391 composite?
False
Is 11197 a composite number?
False
Is 257069 a composite number?
False
Is 21431 composite?
True
Is 80669 prime?
True
Is 53141 prime?
False
Is 1378049 a composite number?
True
Is 38039 composite?
False
Is 2657 prime?
True
Is 1847 a prime number?
True
Is 14189 a prime number?
False
Is 4327 a prime number?
True
Is 151783 composite?
False
Is 402587 a prime number?
True
Is 25835 a prime number?
False
Is 251051 prime?
True
Is 47777 composite?
False
Is 257897 a composite number?
True
Is 47681 a composite number?
False
Is 101069 a prime number?
False
Is 3997 a composite number?
True
Is 119881 composite?
False
Is 5519 a prime number?
True
Is 443983 composite?
Fal